t z be g(8). Let w = -6 + z. List the prime factors of w.
3
Let n(z) = -3 + 6 + z - 4*z. Let g(l) = 13*l - 12. Let r(q) = 2*g(q) + 9*n(q). List the prime factors of r(-3).
2, 3
Let n(p) = -11*p**2 - 33*p - 37. Let l(g) = -7*g**2 - 22*g - 25. Let r(v) = -8*l(v) + 5*n(v). List the prime factors of r(-13).
41
Suppose 462 = -2*b + 9*b. What are the prime factors of b?
2, 3, 11
Suppose 2*x = -2*x. Suppose 3*m + 2*g - 57 = x, g - 41 + 3 = -2*m. What are the prime factors of m?
19
Suppose -3*t + 10 = -4*p, 3*t + 18 = -2*t - 2*p. Let y(q) = q**3 + q**2 - q + 2. Let b be y(t). Suppose -3*g - 2*g + 55 = b. List the prime factors of g.
11
Let d(t) = t**3 + 9*t**2 + 7*t - 11. Let i be d(-8). Let u be (-1)/(-3) + 1/i. Suppose u = -4*f + 16, z + 0*z = f + 8. List the prime factors of z.
2, 3
Suppose 0 = -2*m - 3*m + 65. Suppose -3 = 5*i - m. Suppose 3*b = 0, i*v - 10 - 10 = -2*b. List the prime factors of v.
2, 5
Suppose 2*a + 5*a - 875 = 0. What are the prime factors of a?
5
Suppose -1 = 5*y + 4*j, 7*y + j + 3 = 3*y. Let t(c) be the first derivative of -6*c**2 - c - 1. What are the prime factors of t(y)?
11
Suppose 4*a + 4*u - 584 = 0, 2 + 156 = a - 5*u. What are the prime factors of a?
2, 37
Let y(c) = -c**3 - c**2 + c - 9. Let b be y(0). Let f = -3 - b. Let o = f + -3. What are the prime factors of o?
3
Suppose 314 + 257 = 5*k + h, -5*k + 2*h = -583. What are the prime factors of k?
5, 23
Let a(i) = i**2 + 8*i - 7. Let b be a(-9). Suppose -2*g + 1 + 53 = 0. Suppose -g = -s - b*s. What are the prime factors of s?
3
Let z = -3 - -11. Suppose 30 = z*b - 3*b. What are the prime factors of b?
2, 3
Suppose 412 - 167 = 7*x. List the prime factors of x.
5, 7
Suppose -2 = -2*m + 5*r + 18, -5*m = -4*r - 16. Suppose m*j = 3*j - 138. What are the prime factors of j?
2, 23
Let h(n) = -n**3 + 7*n**2 - 7*n + 8. Let t be h(6). Suppose t*y = -47 - 7. What are the prime factors of (-48)/y + 2/9?
2
Let x(g) = -g**2 - 5*g + 3. Let s be x(-3). Let a(y) = 9*y + 2. Let q be a(2). Let l = q - s. List the prime factors of l.
11
Let d be (-1 - 0) + (-4)/(-2). Let c be -3*6/(-9)*d. Suppose 0 = -3*p - 12, -3*w + 0*p + c*p + 17 = 0. List the prime factors of w.
3
Suppose -2*y = l - 2, -10 = -3*l - 2*l - 2*y. Suppose z - 2*z + 17 = 0. Suppose -l*p + z + 3 = 0. What are the prime factors of p?
2, 5
Suppose -743 - 473 = -4*m. List the prime factors of m.
2, 19
Let r = -227 + 370. Let g = r + -85. List the prime factors of g.
2, 29
Suppose -5*d = 4*p - 34, -4*p - 19 = -4*d + p. Let b be 27/d*4/6. Suppose b*j = -18 + 63. What are the prime factors of j?
3, 5
Let i = -22 + -13. Let g be 4/(-14) + (-1550)/i. Suppose 3*s = -s + g. List the prime factors of s.
11
Let q(d) = 29*d + 16. List the prime factors of q(4).
2, 3, 11
List the prime factors of (0 + -86)*3/(4 - 7).
2, 43
Suppose -2*a - 12 = -0*a. Let x be (a/5)/(2/(-5)). Let z(c) = -c**3 + 3*c**2 + 2*c - 3. What are the prime factors of z(x)?
3
Suppose -5*b = 2*p - 31, p + 2 = 3*b - 10. Let j = b + -4. Let r(q) = 9*q**2 + 2*q - 1. List the prime factors of r(j).
2, 5
Suppose -s = 5*l - 27, 2*s + 4*l = l + 19. Suppose -x - 4 = -5*x, q = s*x + 3. Suppose -q*t + 27 = -18. List the prime factors of t.
3
Suppose -v + 9 + 12 = 0. What are the prime factors of v?
3, 7
List the prime factors of 52/(-182) + (-1185)/(-7).
13
Let c(y) be the third derivative of y**5/12 - y**4/8 + y**3/6 + 6*y**2. List the prime factors of c(2).
3, 5
Let h(k) = -3*k**3 + 12*k**2 + 2*k - 2. Let n(m) = m**3 - m - 1. Let i(f) = h(f) + 4*n(f). What are the prime factors of i(-12)?
2, 3
Let l = 7 + 45. What are the prime factors of l?
2, 13
Suppose 5*n + 3*k - 48 = -0*n, -2*k = -5*n + 43. Let d(g) = -g**3 + 9*g**2 + g + 13. What are the prime factors of d(n)?
2, 11
Suppose 4*f = -0*f, d - 3*f = 5. Let t = d + -1. What are the prime factors of t?
2
Let b = 45 + -25. What are the prime factors of b?
2, 5
Let t(m) = m**3 - 2*m**2 - m + 4. List the prime factors of t(4).
2
Let b = -57 - -93. What are the prime factors of b?
2, 3
Let w(g) = 2*g**3 - 3*g**2 - 3*g - 3. List the prime factors of w(3).
3, 5
Let y be 40/2 + 4/4. Let m = y - 15. List the prime factors of m.
2, 3
Suppose -5*z = -l - 3 - 4, -l - 3 = -3*z. Suppose -z*m + m = -5. What are the prime factors of m?
5
Let b(x) = 13 + 9*x + 0*x**2 - x**2 - 3. List the prime factors of b(9).
2, 5
What are the prime factors of (-3 + -1)*(-105)/10?
2, 3, 7
Let p be (0 - 1) + 60/(-5). Let c = 40 + p. List the prime factors of c.
3
Suppose 0 = 2*l - 3*q - 2*q - 83, 4*q + 216 = 5*l. What are the prime factors of l?
2, 11
Let s(g) = -g**2 - 18*g - 5. What are the prime factors of s(-14)?
3, 17
Let c be ((-2)/(-4))/((-3)/(-18)). Suppose -l - 2*n = n + 8, 0 = -4*l - c*n + 13. Let f(s) = -s**2 + 9*s - 9. What are the prime factors of f(l)?
5
Let f = 641 + -412. Suppose -2*g = 2*d - 65 - 29, 0 = -5*d - 3*g + f. What are the prime factors of d?
2, 11
Suppose -3*q + 99 = 5*j - 58, 0 = -4*q - 5*j + 216. What are the prime factors of q?
59
Suppose -3*x = 0, g - 4*x = 7 - 4. Let i be g/(-1)*10/(-15). Suppose 16 = d + i. List the prime factors of d.
2, 7
Let c = 19 + -13. Let r = 3 - c. What are the prime factors of (0 - r)*2*2?
2, 3
Let s = -2 - 2. What are the prime factors of (s/(-5))/(14/35)?
2
Let a = 88 - 51. What are the prime factors of a?
37
Let m(b) = -2*b**3 - 27*b**2 - 27*b - 21. Let y(g) = -g**3 - 14*g**2 - 14*g - 11. Let q(t) = -6*m(t) + 11*y(t). What are the prime factors of q(-6)?
29
Suppose 75 = 2*b + 1. List the prime factors of b.
37
Suppose -2 = -2*g, 5*q + g = -2*g + 8. What are the prime factors of -3 - (-31 + 2/q)?
2, 13
Let w(m) = -15*m + 3. What are the prime factors of w(-5)?
2, 3, 13
Let f = -5 + 12. Let p = f + -4. Suppose 2*m + u - 25 = 0, -4*m = -p*m - 2*u - 10. List the prime factors of m.
2, 3
Suppose 67 = 4*p - 33. Let t = p + -13. What are the prime factors of t?
2, 3
What are the prime factors of 132/(-12)*(-16)/2?
2, 11
Suppose 10*b - 7*b - 60 = 0. List the prime factors of b.
2, 5
Suppose x - 2*r = 72, 3*r + 0 = -9. What are the prime factors of x?
2, 3, 11
Suppose 6*b - 29 = 139. What are the prime factors of b?
2, 7
Let t be ((-10)/(-30))/((-2)/(-30)). List the prime factors of -42*((-20)/12)/t.
2, 7
Suppose 2*t + 0 = 134. Suppose 5*h = t + 53. What are the prime factors of h?
2, 3
Let p = 70 + -48. List the prime factors of p.
2, 11
Suppose 2*v - 23 = v. What are the prime factors of v?
23
Suppose -u + 2*u = 32. What are the prime factors of (15/20)/(2/u)?
2, 3
Suppose 0 = 10*h - 5*h - 1335. List the prime factors of h.
3, 89
Let v be 1*12/(-14)*7. Let c(y) = -3*y - 3. What are the prime factors of c(v)?
3, 5
Let v(o) = -o**2 + 2*o + 4. Suppose 2*s + 0 = 6. Let j be v(s). Suppose -3 - j = -2*b. List the prime factors of b.
2
Suppose -5*r - 10 = -4*v - 3*r, 5*v + r - 9 = 0. Suppose -5*g = 3*p + 16, 6*p - v*p + 3*g + 3 = 0. What are the prime factors of p?
3
Let t(j) = 2*j**2 - 11*j - 4. List the prime factors of t(8).
2, 3
Suppose 2*f = -3*x + 3*f + 10, -3*f + 40 = 5*x. Suppose -x*j + 9 = -6. List the prime factors of j.
3
Let z = 31 + -24. What are the prime factors of z?
7
Suppose -2*t = 2 - 322. What are the prime factors of t?
2, 5
Let y(g) = -g**3 - 21*g**2 - 21*g + 25. What are the prime factors of y(-20)?
3, 5
Let v = -3 + 38. What are the prime factors of v?
5, 7
Let o(v) = 3*v - 2. What are the prime factors of o(3)?
7
What are the prime factors of (12 + -29)*(-2)/((-4)/(-42))?
3, 7, 17
Let w be (-61)/(-3) + 2/(-6). Suppose -4*r = -w + 4. Suppose 0*f = -r*f + p + 25, -4*f - 3*p + 21 = 0. List the prime factors of f.
2, 3
Suppose 5*m + 2*r - 53 = 0, 7*m - 47 = 4*m - 5*r. List the prime factors of -2 + 3 + -2 + m.
2
Let r(y) = -y - 1. What are the prime factors of r(-8)?
7
Let u = 616 + -396. Suppose -2*m + u = -7*m. List the prime factors of (m/(-12))/(2/6).
11
Let n(z) = 4*z**3 - z. Let x be n(1). Suppose x*d + 24 = 3*o, d = 3*o - 3*d - 27. Let y(m) = m**2 - 4*m. What are the prime factors of y(o)?
5
Let g = 216 - 100. What are the prime factors of g?
2, 29
Suppose -4*i - 3*g + 39 = 0, -2*i - 2*i + 2*g + 14 = 0. List the prime factors of i.
2, 3
Let b(q) be the second derivative of q**5/20 + 3*q**4/4 - 4*q**3/3 + 3*q**2 + 2*q. Let z be b(-10). Let f = -10 - z. List the prime factors of 